the prime factors of a/14 + 1585/35?
3, 5
Suppose 5*f - 100 = -2*x, -4*x - 2*f = -5*x + 41. Let l = -37 + x. List the prime factors of l.
2
Suppose -17 = -4*l - 5*k, -l + 0 = 3*k - 6. Let s(m) = 5*m + 6. Let n be s(6). Suppose g - 2*g - 124 = -l*z, 0 = -z - g + n. List the prime factors of z.
2, 5
Suppose -y + 0*y + 173 = 4*c, 2*y + 5*c = 340. Suppose 3*h - 3 = 0, 5*m - 2*h - y = -52. Let o = -9 + m. List the prime factors of o.
2, 7
Let l(m) = 31*m**2 + 10*m - 12. What are the prime factors of l(5)?
3, 271
Let w = -921 + 1391. List the prime factors of w.
2, 5, 47
Let v = 682 - -170. What are the prime factors of v?
2, 3, 71
Suppose 3*g + 11 = g + 5*q, 2*g + 3*q = 13. Suppose z + 3*x = 15, -g*z - 4*x = -2*x - 34. List the prime factors of (12/z)/(2/75).
5
Let r(o) = 7*o**2 + 82*o + 26. List the prime factors of r(-19).
5, 199
Suppose a + 4*s + 0*s - 40 = 0, s - 164 = -3*a. Let y = a + -12. List the prime factors of y.
2, 11
Let x = -1164 - -2877. What are the prime factors of x?
3, 571
Suppose 6 = 7*t - 8. Suppose -f - 76 = -2*f + 3*h, 0 = t*f - 4*h - 142. What are the prime factors of f?
61
Let s = -122 - -124. List the prime factors of (4 - s)*-2 + 193.
3, 7
Suppose m - 1 = -3, -2*d + 3*m = -446. Suppose 5*w - d = -0*w. Suppose -w = -5*u + 6. List the prime factors of u.
2, 5
Suppose -24 = -5*g - 9. Suppose f = 4*f + x - 160, -6 = g*x. What are the prime factors of f?
2, 3
What are the prime factors of ((-54915)/24)/(-7) + (-10)/(-80)?
3, 109
Suppose -w + 1 = 0, 0 = h + h + 5*w + 311. Let x = -34 - h. What are the prime factors of x?
2, 31
Let y be 10/(-40) - 17/(-4). Suppose -y*o + 282 = -v, 3*o + 5*v = 17 + 183. What are the prime factors of o?
2, 5, 7
Let d(x) = -x**2 + 2*x + 38. Let g be d(7). Suppose -g*q = 4*m - 183, 0 = -q - 3*q - 4*m + 244. List the prime factors of q.
61
Let g = -2228 + 3206. Suppose 7*f + 47 = g. List the prime factors of f.
7, 19
Let p(a) = -3*a**3 + 22*a**2 - 77*a - 37. Let h(t) = t**3 - 7*t**2 + 26*t + 12. Let w(v) = -17*h(v) - 6*p(v). List the prime factors of w(12).
2, 3, 19
Let i(v) be the second derivative of 13*v**4/6 - v**3/6 - v**2/2 + 17*v. List the prime factors of i(-1).
2, 13
Let k(z) be the first derivative of 2*z**3/3 + 9*z**2/2 + 6*z - 3. Suppose -4*t - 3*s + 8 = 41, 30 = -3*t - 4*s. List the prime factors of k(t).
2, 3
Suppose 5*s + 2627 = 2*z, -4*z + 2333 = -s - 2894. What are the prime factors of z?
2, 653
Let h(a) = -3*a + 18. Let j be (0 + 2 - 1) + -2 + 5. What are the prime factors of h(j)?
2, 3
Suppose 0 = -6*y + 9*y - 12. Suppose -3*q + y*i + 157 = 0, 0*i - 39 = -q - 2*i. What are the prime factors of q?
47
Suppose 0 = -p + 2*t + 471, -1864 = -3*p - p + 4*t. List the prime factors of p.
461
Let h be 154 + (3 - (4 + 3)). Suppose -5*d + 550 = -h. Suppose -340 + d = -5*w. List the prime factors of w.
2, 5
Suppose 2*g - o = -12, g - 2*g = -3*o + 16. List the prime factors of g + 11 + 0 + -1.
2, 3
What are the prime factors of -3*14/(-63)*5991?
2, 1997
Let w = 27 - 33. Let v be 33*(-3 - 20/w). List the prime factors of ((-6)/(-4))/(v/66).
3
Let o be -19 - (1 + -1 - 1). Suppose q + 2 = 2*d + 10, 0 = -2*d + 3*q - 8. List the prime factors of d/o + 115/9.
13
Suppose -11*r - 231 = -12*r. List the prime factors of r.
3, 7, 11
Suppose 2*o + 5*o = 98. Let r = 176 + o. What are the prime factors of r?
2, 5, 19
List the prime factors of 209/(-19) + 4 + 1328.
1321
Let v(o) = -32*o - 26. Let t be v(-18). Let s = t - 339. What are the prime factors of s?
211
Let s = -82 + 90. Let v(k) = -2*k**3 + 19*k**2 - 2*k + 7. List the prime factors of v(s).
3, 61
Suppose -8*l + 2 = -6*l. Let f(n) = n**2 - n + 1. Let v(q) = q**3 - q**2 - 5*q + 11. Let b(m) = l*v(m) - 4*f(m). What are the prime factors of b(5)?
2
Suppose 0 = 10*c - 755 - 3285. List the prime factors of c.
2, 101
Suppose 18*j - 5467 = 29327. List the prime factors of j.
1933
Let f = -136 - -181. List the prime factors of f.
3, 5
What are the prime factors of (696/10)/(128/3520)?
2, 3, 11, 29
Let z be (-13)/(-2) + 3/(-2). Suppose -12 = -z*y + 28. Suppose y*x - 236 = 4*x. What are the prime factors of x?
59
List the prime factors of (-651)/(-5)*(-490)/(-42).
7, 31
Suppose 3*i - 876 = -i. Suppose -13*c + 67 - 15 = 0. Suppose -c*p + p + i = 0. List the prime factors of p.
73
Let t(v) = 6*v - 10. Let f be t(-2). Let r(y) = y**2 + 20*y - 4. What are the prime factors of r(f)?
2, 5
Let u(k) = k**3 + 15*k**2 + 12*k + 1. Let a = -5 + 11. Suppose a*h = 2*h - 56. List the prime factors of u(h).
29
Let w(t) = 155*t**2 + 3*t - 3. Let b = 43 + -42. List the prime factors of w(b).
5, 31
Let u = 13 + -17. Let t(z) = -z**3 - 3*z**2 - z + 2. Let x be t(-3). What are the prime factors of (-4 - 0) + (x - u)?
5
Suppose -14587 = -38*x + 9*x. List the prime factors of x.
503
Let y(v) = 15*v - 13. Let d = 77 - 73. List the prime factors of y(d).
47
Let i be (-3)/(3/(-10) - 0). Let f = 12 - i. Suppose -4*t + 16 = -4*j, 0*t + t = -f*j + 10. What are the prime factors of t?
2, 3
Suppose -6*j + 360 = -2*j. Let f be (8/20)/(2/j). Suppose -4*d = -174 + f. What are the prime factors of d?
3, 13
Let l(p) = 4758*p - 49. What are the prime factors of l(1)?
17, 277
Let w(z) = 4*z**2 - 28*z - 7*z + 26 + 10*z. List the prime factors of w(9).
5
Let c(d) = 4*d**2 + 0*d**3 - 2*d**3 + 4*d**3 - 3*d + 0*d**3. List the prime factors of c(3).
3
Suppose 0 = 12*q - 7*q - 4*o - 15931, q - 3179 = -o. List the prime factors of q.
3, 1061
Let f be ((-17)/(-2))/((-5)/(-250)). Suppose -2*o - 3*o = -f. Suppose 4*d + 0*d - o = -5*h, -31 = -h + 2*d. List the prime factors of h.
3, 7
Let k(g) = -g**2 - g + 8. Let q be k(0). Suppose 0 = -4*i - 5*z + 85, 0 = i - 3*z + 5*z - 22. List the prime factors of ((-376)/(-20))/(q/i).
47
Let u be (0 - (-90)/(-25))*-20. Let l = -42 + u. What are the prime factors of l?
2, 3, 5
Let n = -13 - -10. Let p be 5 + 3 + n/3. Suppose 0*o = y + 4*o + p, 0 = 4*o + 16. List the prime factors of y.
3
Suppose -2*u + 38 + 70 = 0. Suppose 2*l - w - w - u = 0, 4*w = -l + 32. What are the prime factors of l?
2, 7
Suppose 0*a - 2*a + s = -6953, 0 = a + 5*s - 3493. List the prime factors of a.
2, 37, 47
Let f(j) = j**2 - 6*j. Let s be f(6). Suppose r - 4*r = s. Suppose -96 = -4*w - r*w. List the prime factors of w.
2, 3
Suppose 0*h - 2*f = 2*h - 2, -8 = 4*f. Suppose 3*s + h*u - 58 - 164 = 0, 3*s = 5*u + 238. List the prime factors of s.
2, 19
Let j(o) = -2*o**3 - 6*o**2 - 15*o - 9. What are the prime factors of j(-7)?
2, 61
Suppose 0 = 2*b + 4*o - 2268, 4*b + 1136 = 5*b + 4*o. What are the prime factors of b?
2, 283
Let s = -1177 + 1770. What are the prime factors of s?
593
Let g be ((-6)/2)/(13/((-130)/15)). Suppose 0 = 4*m - 2*l - 0*l - 714, -2*l = g*m - 366. What are the prime factors of m?
2, 3, 5
Let b = 1584 + 1267. What are the prime factors of b?
2851
Let b(m) be the third derivative of m**5/60 - 3*m**4/8 + 19*m**3/6 - m**2 - 18*m. Let k = 0 + 11. What are the prime factors of b(k)?
41
Let j = 23 - 46. Let n = 25 - j. List the prime factors of n.
2, 3
Let l(u) = -u**3 - 24*u**2 - 2*u + 113. List the prime factors of l(-25).
2, 197
Suppose 0 = 9*o - 711 - 11358. What are the prime factors of o?
3, 149
Let d be (15/(-10))/((-5)/90). Let i = d + 153. List the prime factors of i.
2, 3, 5
Suppose -2*j + 13 = 2*x + x, -3*x + 3 = -3*j. Suppose -3*l + 2*r + 85 = 0, -3*l = -4*r + x*r - 80. What are the prime factors of l?
5
Suppose 9*v + 93 = 12*v. Let p(h) = -h + 4. Let k be p(-4). Let i = k + v. List the prime factors of i.
3, 13
Suppose 6*z - 3*z = -84. Let m = -7 + z. Let r = 78 + m. List the prime factors of r.
43
Let c(a) = a**2 + 2*a + 5. Suppose 2*d - 67 + 1 = 0. Let f = 33 - d. List the prime factors of c(f).
5
Suppose 4048 = -328*s + 336*s. List the prime factors of s.
2, 11, 23
Suppose -19*v - 20152 + 102099 = 0. What are the prime factors of v?
19, 227
Let y(d) = -323*d + 58. List the prime factors of y(-4).
2, 3, 5
Let t be 2/(-4 + (-14)/(-3)). Suppose t*w - 3*l + l - 157 = 0, 0 = -5*w + 3*l + 260. List the prime factors of w.
7
Let g be (6/(-9))/((-2)/(-3)). Let o(h) = -h**3 - 11*h**2 - 6*h + 4. Let w(l) = l**2 + l. Let a(z) = g*o(z) - 2*w(z). List the prime factors of a(-8).
2, 7
Let f(g) = g**3 - 28*g**2 + 87*g - 65. What are the prime factors of f(28)?
2371
Suppose -c - 